{"id":8149,"date":"2022-07-25T16:26:40","date_gmt":"2022-07-25T14:26:40","guid":{"rendered":"https:\/\/urbenag.ch\/clients-professionnels\/"},"modified":"2023-08-17T20:06:07","modified_gmt":"2023-08-17T18:06:07","slug":"clients-professionnels","status":"publish","type":"page","link":"https:\/\/urbenag.ch\/fr\/clients-professionnels\/","title":{"rendered":"Clients professionnels"},"content":{"rendered":"\n<p>Nous sommes \u00e9galement le bon interlocuteur pour toi dans le domaine de la client\u00e8le commerciale. En fonction du domaine dans lequel tu travailles, nous pouvons te faire b\u00e9n\u00e9ficier de notre expertise et\/ou de nos \u00e9quipements de qualit\u00e9. Par exemple, si tu es menuisier et que tu construis une nouvelle cuisine, tu peux aussi vendre \u00e0 ton client les ustensiles de cuisine qui vont avec &#8211; c&#8217;est l\u00e0 que nous entrons en jeu.  <\/p>\n\n<p>Si tu es architecte et que tu fais un appel d&#8217;offres pour \u00e9quiper les cuisines d&#8217;un immeuble collectif, nous sommes ton partenaire. Si, en tant que gestionnaire, tu es responsable de l&#8217;entretien des \u00e9quipements, appelle-nous. Notre service de r\u00e9paration s&#8217;en chargera.<\/p>\n\n<p>Je suis&#8230;<\/p>\n\n<section class=\"wp-block-uagb-columns uagb-columns__wrap uagb-columns__background-undefined uagb-columns__stack-mobile uagb-columns__valign-undefined uagb-columns__gap-10 alignundefined uagb-block-4307d492\"><div class=\"uagb-columns__overlay\"><\/div><div class=\"uagb-columns__inner-wrap uagb-columns__columns-3\">\n<div class=\"wp-block-uagb-column uagb-column__wrap uagb-column__background-undefined uagb-block-85887019\"><div class=\"uagb-column__overlay\"><\/div><div class=\"uagb-column__inner-wrap\">\n<figure class=\"wp-block-image size-large\"><a href=\"https:\/\/urbenag.ch\/geschaeftskunden\/ich-bin-schreiner-elektriker-oder-sanitaer\/\"><img loading=\"lazy\" decoding=\"async\" width=\"1024\" height=\"1024\" src=\"https:\/\/urbenag.ch\/wp-content\/uploads\/2022\/07\/Schreiner-Elektriker-Sanitaer-1024x1024.jpg\" alt=\"\" class=\"wp-image-7627\" srcset=\"https:\/\/urbenag.ch\/wp-content\/uploads\/2022\/07\/Schreiner-Elektriker-Sanitaer-1024x1024.jpg 1024w, https:\/\/urbenag.ch\/wp-content\/uploads\/2022\/07\/Schreiner-Elektriker-Sanitaer-300x300.jpg 300w, https:\/\/urbenag.ch\/wp-content\/uploads\/2022\/07\/Schreiner-Elektriker-Sanitaer-150x150.jpg 150w, https:\/\/urbenag.ch\/wp-content\/uploads\/2022\/07\/Schreiner-Elektriker-Sanitaer-768x768.jpg 768w, https:\/\/urbenag.ch\/wp-content\/uploads\/2022\/07\/Schreiner-Elektriker-Sanitaer.jpg 1181w\" sizes=\"auto, (max-width: 1024px) 100vw, 1024px\" \/><\/a><\/figure>\n<\/div><\/div>\n\n\n\n<div class=\"wp-block-uagb-column uagb-column__wrap uagb-column__background-undefined uagb-block-84debd29\"><div class=\"uagb-column__overlay\"><\/div><div class=\"uagb-column__inner-wrap\">\n<figure class=\"wp-block-image size-large\"><a href=\"https:\/\/urbenag.ch\/geschaeftskunden\/ich-bin-architekt-oder-generalunternehmer\/\"><img loading=\"lazy\" decoding=\"async\" width=\"1024\" height=\"1024\" src=\"https:\/\/urbenag.ch\/wp-content\/uploads\/2022\/07\/Schreiner-Elektriker-Sanitaer3-1024x1024.jpg\" alt=\"\" class=\"wp-image-7632\" srcset=\"https:\/\/urbenag.ch\/wp-content\/uploads\/2022\/07\/Schreiner-Elektriker-Sanitaer3-1024x1024.jpg 1024w, https:\/\/urbenag.ch\/wp-content\/uploads\/2022\/07\/Schreiner-Elektriker-Sanitaer3-300x300.jpg 300w, https:\/\/urbenag.ch\/wp-content\/uploads\/2022\/07\/Schreiner-Elektriker-Sanitaer3-150x150.jpg 150w, https:\/\/urbenag.ch\/wp-content\/uploads\/2022\/07\/Schreiner-Elektriker-Sanitaer3-768x768.jpg 768w, https:\/\/urbenag.ch\/wp-content\/uploads\/2022\/07\/Schreiner-Elektriker-Sanitaer3.jpg 1181w\" sizes=\"auto, (max-width: 1024px) 100vw, 1024px\" \/><\/a><\/figure>\n<\/div><\/div>\n\n\n\n<div class=\"wp-block-uagb-column uagb-column__wrap uagb-column__background-undefined uagb-block-27184dc7\"><div class=\"uagb-column__overlay\"><\/div><div class=\"uagb-column__inner-wrap\">\n<figure class=\"wp-block-image size-large\"><a href=\"https:\/\/urbenag.ch\/geschaeftskunden\/ich-bin-bewirtschafter-oder-verwalter\/\"><img loading=\"lazy\" decoding=\"async\" width=\"1024\" height=\"1024\" src=\"https:\/\/urbenag.ch\/wp-content\/uploads\/2022\/07\/Schreiner-Elektriker-Sanitaer2-1024x1024.jpg\" alt=\"\" class=\"wp-image-7630\" srcset=\"https:\/\/urbenag.ch\/wp-content\/uploads\/2022\/07\/Schreiner-Elektriker-Sanitaer2-1024x1024.jpg 1024w, https:\/\/urbenag.ch\/wp-content\/uploads\/2022\/07\/Schreiner-Elektriker-Sanitaer2-300x300.jpg 300w, https:\/\/urbenag.ch\/wp-content\/uploads\/2022\/07\/Schreiner-Elektriker-Sanitaer2-150x150.jpg 150w, https:\/\/urbenag.ch\/wp-content\/uploads\/2022\/07\/Schreiner-Elektriker-Sanitaer2-768x768.jpg 768w, https:\/\/urbenag.ch\/wp-content\/uploads\/2022\/07\/Schreiner-Elektriker-Sanitaer2.jpg 1181w\" sizes=\"auto, (max-width: 1024px) 100vw, 1024px\" \/><\/a><\/figure>\n<\/div><\/div>\n<\/div><\/section>\n\n<p>Choisis le domaine qui te convient le mieux et d\u00e9couvre comment nous pouvons te soutenir.<\/p>\n","protected":false},"excerpt":{"rendered":"<p>Nous sommes \u00e9galement le bon interlocuteur pour toi dans le domaine de la client\u00e8le commerciale. En fonction du domaine dans lequel tu travailles, nous pouvons te faire b\u00e9n\u00e9ficier de notre expertise et\/ou de nos \u00e9quipements de qualit\u00e9. Par exemple, si tu es menuisier et que tu construis une nouvelle cuisine, tu peux aussi vendre \u00e0 [&hellip;]<\/p>\n","protected":false},"author":1,"featured_media":0,"parent":0,"menu_order":0,"comment_status":"closed","ping_status":"closed","template":"","meta":{"_uag_custom_page_level_css":"","site-sidebar-layout":"default","site-content-layout":"","ast-site-content-layout":"default","site-content-style":"default","site-sidebar-style":"default","ast-global-header-display":"","ast-banner-title-visibility":"","ast-main-header-display":"","ast-hfb-above-header-display":"","ast-hfb-below-header-display":"","ast-hfb-mobile-header-display":"","site-post-title":"","ast-breadcrumbs-content":"","ast-featured-img":"","footer-sml-layout":"","ast-disable-related-posts":"","theme-transparent-header-meta":"","adv-header-id-meta":"","stick-header-meta":"","header-above-stick-meta":"","header-main-stick-meta":"","header-below-stick-meta":"","astra-migrate-meta-layouts":"default","ast-page-background-enabled":"default","ast-page-background-meta":{"desktop":{"background-color":"","background-image":"","background-repeat":"repeat","background-position":"center center","background-size":"auto","background-attachment":"scroll","background-type":"","background-media":"","overlay-type":"","overlay-color":"","overlay-opacity":"","overlay-gradient":""},"tablet":{"background-color":"","background-image":"","background-repeat":"repeat","background-position":"center center","background-size":"auto","background-attachment":"scroll","background-type":"","background-media":"","overlay-type":"","overlay-color":"","overlay-opacity":"","overlay-gradient":""},"mobile":{"background-color":"","background-image":"","background-repeat":"repeat","background-position":"center center","background-size":"auto","background-attachment":"scroll","background-type":"","background-media":"","overlay-type":"","overlay-color":"","overlay-opacity":"","overlay-gradient":""}},"ast-content-background-meta":{"desktop":{"background-color":"var(--ast-global-color-5)","background-image":"","background-repeat":"repeat","background-position":"center center","background-size":"auto","background-attachment":"scroll","background-type":"","background-media":"","overlay-type":"","overlay-color":"","overlay-opacity":"","overlay-gradient":""},"tablet":{"background-color":"var(--ast-global-color-5)","background-image":"","background-repeat":"repeat","background-position":"center center","background-size":"auto","background-attachment":"scroll","background-type":"","background-media":"","overlay-type":"","overlay-color":"","overlay-opacity":"","overlay-gradient":""},"mobile":{"background-color":"var(--ast-global-color-5)","background-image":"","background-repeat":"repeat","background-position":"center center","background-size":"auto","background-attachment":"scroll","background-type":"","background-media":"","overlay-type":"","overlay-color":"","overlay-opacity":"","overlay-gradient":""}},"footnotes":""},"class_list":["post-8149","page","type-page","status-publish","hentry"],"uagb_featured_image_src":{"full":false,"thumbnail":false,"medium":false,"medium_large":false,"large":false,"1536x1536":false,"2048x2048":false},"uagb_author_info":{"display_name":"Raphael","author_link":"https:\/\/urbenag.ch\/fr\/author\/rapsli\/"},"uagb_comment_info":0,"uagb_excerpt":"Nous sommes \u00e9galement le bon interlocuteur pour toi dans le domaine de la client\u00e8le commerciale. En fonction du domaine dans lequel tu travailles, nous pouvons te faire b\u00e9n\u00e9ficier de notre expertise et\/ou de nos \u00e9quipements de qualit\u00e9. Par exemple, si tu es menuisier et que tu construis une nouvelle cuisine, tu peux aussi vendre \u00e0\u2026","_links":{"self":[{"href":"https:\/\/urbenag.ch\/fr\/wp-json\/wp\/v2\/pages\/8149","targetHints":{"allow":["GET"]}}],"collection":[{"href":"https:\/\/urbenag.ch\/fr\/wp-json\/wp\/v2\/pages"}],"about":[{"href":"https:\/\/urbenag.ch\/fr\/wp-json\/wp\/v2\/types\/page"}],"author":[{"embeddable":true,"href":"https:\/\/urbenag.ch\/fr\/wp-json\/wp\/v2\/users\/1"}],"replies":[{"embeddable":true,"href":"https:\/\/urbenag.ch\/fr\/wp-json\/wp\/v2\/comments?post=8149"}],"version-history":[{"count":0,"href":"https:\/\/urbenag.ch\/fr\/wp-json\/wp\/v2\/pages\/8149\/revisions"}],"wp:attachment":[{"href":"https:\/\/urbenag.ch\/fr\/wp-json\/wp\/v2\/media?parent=8149"}],"curies":[{"name":"wp","href":"https:\/\/api.w.org\/{rel}","templated":true}]}}

<p>Nous sommes également le bon interlocuteur pour toi dans le domaine de la clientèle commerciale. En fonction du domaine dans lequel tu travailles, nous pouvons te faire bénéficier de notre expertise et/ou de nos équipements de qualité. Par exemple, si tu es menuisier et que tu construis une nouvelle cuisine, tu peux aussi vendre à ton client les ustensiles de cuisine qui vont avec &#8211; c&#8217;est là que nous entrons en jeu.  </p>

<p>Si tu es architecte et que tu fais un appel d&#8217;offres pour équiper les cuisines d&#8217;un immeuble collectif, nous sommes ton partenaire. Si, en tant que gestionnaire, tu es responsable de l&#8217;entretien des équipements, appelle-nous. Notre service de réparation s&#8217;en chargera.</p>

<p>Je suis&#8230;</p>

<section class="wp-block-uagb-columns uagb-columns__wrap uagb-columns__background-undefined uagb-columns__stack-mobile uagb-columns__valign-undefined uagb-columns__gap-10 alignundefined uagb-block-4307d492"><div class="uagb-columns__overlay"></div><div class="uagb-columns__inner-wrap uagb-columns__columns-3">
<div class="wp-block-uagb-column uagb-column__wrap uagb-column__background-undefined uagb-block-85887019"><div class="uagb-column__overlay"></div><div class="uagb-column__inner-wrap">
<figure class="wp-block-image size-large"><a href="https://urbenag.ch/geschaeftskunden/ich-bin-schreiner-elektriker-oder-sanitaer/"><img loading="lazy" decoding="async" width="1024" height="1024" src="https://urbenag.ch/wp-content/uploads/2022/07/Schreiner-Elektriker-Sanitaer-1024x1024.jpg" alt="" class="wp-image-7627" srcset="https://urbenag.ch/wp-content/uploads/2022/07/Schreiner-Elektriker-Sanitaer-1024x1024.jpg 1024w, https://urbenag.ch/wp-content/uploads/2022/07/Schreiner-Elektriker-Sanitaer-300x300.jpg 300w, https://urbenag.ch/wp-content/uploads/2022/07/Schreiner-Elektriker-Sanitaer-150x150.jpg 150w, https://urbenag.ch/wp-content/uploads/2022/07/Schreiner-Elektriker-Sanitaer-768x768.jpg 768w, https://urbenag.ch/wp-content/uploads/2022/07/Schreiner-Elektriker-Sanitaer.jpg 1181w" sizes="auto, (max-width: 1024px) 100vw, 1024px" /></a></figure>
</div></div>



<div class="wp-block-uagb-column uagb-column__wrap uagb-column__background-undefined uagb-block-84debd29"><div class="uagb-column__overlay"></div><div class="uagb-column__inner-wrap">
<figure class="wp-block-image size-large"><a href="https://urbenag.ch/geschaeftskunden/ich-bin-architekt-oder-generalunternehmer/"><img loading="lazy" decoding="async" width="1024" height="1024" src="https://urbenag.ch/wp-content/uploads/2022/07/Schreiner-Elektriker-Sanitaer3-1024x1024.jpg" alt="" class="wp-image-7632" srcset="https://urbenag.ch/wp-content/uploads/2022/07/Schreiner-Elektriker-Sanitaer3-1024x1024.jpg 1024w, https://urbenag.ch/wp-content/uploads/2022/07/Schreiner-Elektriker-Sanitaer3-300x300.jpg 300w, https://urbenag.ch/wp-content/uploads/2022/07/Schreiner-Elektriker-Sanitaer3-150x150.jpg 150w, https://urbenag.ch/wp-content/uploads/2022/07/Schreiner-Elektriker-Sanitaer3-768x768.jpg 768w, https://urbenag.ch/wp-content/uploads/2022/07/Schreiner-Elektriker-Sanitaer3.jpg 1181w" sizes="auto, (max-width: 1024px) 100vw, 1024px" /></a></figure>
</div></div>



<div class="wp-block-uagb-column uagb-column__wrap uagb-column__background-undefined uagb-block-27184dc7"><div class="uagb-column__overlay"></div><div class="uagb-column__inner-wrap">
<figure class="wp-block-image size-large"><a href="https://urbenag.ch/geschaeftskunden/ich-bin-bewirtschafter-oder-verwalter/"><img loading="lazy" decoding="async" width="1024" height="1024" src="https://urbenag.ch/wp-content/uploads/2022/07/Schreiner-Elektriker-Sanitaer2-1024x1024.jpg" alt="" class="wp-image-7630" srcset="https://urbenag.ch/wp-content/uploads/2022/07/Schreiner-Elektriker-Sanitaer2-1024x1024.jpg 1024w, https://urbenag.ch/wp-content/uploads/2022/07/Schreiner-Elektriker-Sanitaer2-300x300.jpg 300w, https://urbenag.ch/wp-content/uploads/2022/07/Schreiner-Elektriker-Sanitaer2-150x150.jpg 150w, https://urbenag.ch/wp-content/uploads/2022/07/Schreiner-Elektriker-Sanitaer2-768x768.jpg 768w, https://urbenag.ch/wp-content/uploads/2022/07/Schreiner-Elektriker-Sanitaer2.jpg 1181w" sizes="auto, (max-width: 1024px) 100vw, 1024px" /></a></figure>
</div></div>
</div></section>

<p>Choisis le domaine qui te convient le mieux et découvre comment nous pouvons te soutenir.</p>

<p>Nous sommes également le bon interlocuteur pour toi dans le domaine de la clientèle commerciale. En fonction du domaine dans lequel tu travailles, nous pouvons te faire bénéficier de notre expertise et/ou de nos équipements de qualité. Par exemple, si tu es menuisier et que tu construis une nouvelle cuisine, tu peux aussi vendre à [&hellip;]</p>

Nous sommes également le bon interlocuteur pour toi dans le domaine de la clientèle commerciale. En fonction du domaine dans lequel tu travailles, nous pouvons te faire bénéficier de notre expertise et/ou de nos équipements de qualité. Par exemple, si tu es menuisier et que tu construis une nouvelle cuisine, tu peux aussi vendre à…
