{"id":8143,"date":"2022-07-05T03:30:35","date_gmt":"2022-07-05T01:30:35","guid":{"rendered":"https:\/\/urbenag.ch\/je-suis-menuisier-electricien-ou-plombier\/"},"modified":"2023-08-17T20:06:07","modified_gmt":"2023-08-17T18:06:07","slug":"je-suis-menuisier-electricien-ou-plombier","status":"publish","type":"page","link":"https:\/\/urbenag.ch\/fr\/clients-professionnels\/je-suis-menuisier-electricien-ou-plombier\/","title":{"rendered":"Je suis menuisier, \u00e9lectricien ou plombier"},"content":{"rendered":"\n<div class=\"wp-block-columns alignfull is-layout-flex wp-container-core-columns-is-layout-28f84493 wp-block-columns-is-layout-flex\">\n<div class=\"wp-block-column is-layout-flow wp-block-column-is-layout-flow\" style=\"flex-basis:50%\">\n<div class=\"wp-block-cover is-light\" style=\"min-height:600px;aspect-ratio:unset;\"><span aria-hidden=\"true\" class=\"wp-block-cover__background has-background-dim-100 has-background-dim\" style=\"background-color:#f6f6f6\"><\/span><div class=\"wp-block-cover__inner-container is-layout-flow wp-block-cover-is-layout-flow\">\n<figure class=\"wp-block-image aligncenter size-large\"><img decoding=\"async\" src=\"https:\/\/urbenag.ch\/wp-content\/uploads\/2022\/07\/Schreiner-Elektriker-Sanitaer-30-&#xD7;-20-cm-1024x682.jpg\" alt=\"\" class=\"wp-image-7637\"\/><\/figure>\n<\/div><\/div>\n<\/div>\n\n\n\n<div class=\"wp-block-column is-vertically-aligned-center is-layout-flow wp-block-column-is-layout-flow\" style=\"padding-top:1em;padding-right:1em;padding-bottom:1em;padding-left:1em\">\n<div class=\"wp-block-columns is-layout-flex wp-container-core-columns-is-layout-28f84493 wp-block-columns-is-layout-flex\">\n<div class=\"wp-block-column is-layout-flow wp-block-column-is-layout-flow\" style=\"flex-basis:80%\">\n<p class=\"has-small-font-size\" style=\"line-height:1.6\"><strong>Menuisier<\/strong><\/p>\n\n\n\n<p class=\"has-small-font-size\" style=\"line-height:1.6\">En tant que <strong>menuisier <\/strong> tu t&#8217;occupes de la conception et de l&#8217;installation parfaite d&#8217;une nouvelle cuisine. Bien entendu, tu auras \u00e9galement besoin de nouveaux appareils \u00e9lectrom\u00e9nagers, que ce soit pour toute la cuisine ou pour des appareils individuels. Nous sommes \u00e0 ta disposition en tant que partenaire, tu n&#8217;as donc pas \u00e0 te soucier de quoi que ce soit. Tu peux te concentrer sur les domaines dans lesquels tu es le professionnel et nous nous occupons des domaines dans lesquels nous sommes les professionnels. Au final, ton client obtiendra tout d&#8217;une seule main et pourra se r\u00e9jouir de sa nouvelle cuisine.  <\/p>\n<\/div>\n<\/div>\n<\/div>\n<\/div>\n\n<div style=\"height:25px\" aria-hidden=\"true\" class=\"wp-block-spacer\"><\/div>\n\n<div class=\"wp-block-columns alignfull is-layout-flex wp-container-core-columns-is-layout-28f84493 wp-block-columns-is-layout-flex\">\n<div class=\"wp-block-column is-layout-flow wp-block-column-is-layout-flow\" style=\"flex-basis:50%\">\n<div class=\"wp-block-columns is-layout-flex wp-container-core-columns-is-layout-28f84493 wp-block-columns-is-layout-flex\">\n<div class=\"wp-block-column is-layout-flow wp-block-column-is-layout-flow\" style=\"flex-basis:80%\">\n<p class=\"has-small-font-size\" style=\"line-height:1.6\"><strong>\u00c9lectricien<\/strong><\/p>\n\n\n\n<p class=\"has-small-font-size\" style=\"line-height:1.6\">Dans ta pratique d&#8217;<strong>\u00e9lectricien <\/strong>, tu rencontreras certainement r\u00e9guli\u00e8rement des appareils qui doivent \u00eatre remplac\u00e9s, que ce soit dans la cuisine ou dans la buanderie. Ou alors, tu as besoin d&#8217;aide pour r\u00e9parer une cuisini\u00e8re particuli\u00e8re. Dans les deux cas, nous pouvons te soutenir dans ton travail. Et au lieu de devoir dire au client qu&#8217;il y a un probl\u00e8me \u00e0 un endroit, tu peux d\u00e9j\u00e0 lui pr\u00e9senter une solution. Le service client ne peut pas \u00eatre meilleur et le client te r\u00e9servera certainement \u00e0 la prochaine occasion.  <\/p>\n<\/div>\n<\/div>\n<\/div>\n\n\n\n<div class=\"wp-block-column is-vertically-aligned-center is-layout-flow wp-block-column-is-layout-flow\" style=\"padding-top:1em;padding-right:1em;padding-bottom:1em;padding-left:1em\">\n<div class=\"wp-block-cover is-light\" style=\"min-height:600px;aspect-ratio:unset;\"><span aria-hidden=\"true\" class=\"wp-block-cover__background has-background-dim-100 has-background-dim\" style=\"background-color:#f6f6f6\"><\/span><div class=\"wp-block-cover__inner-container is-layout-flow wp-block-cover-is-layout-flow\">\n<figure class=\"wp-block-image aligncenter size-large\"><img decoding=\"async\" src=\"https:\/\/urbenag.ch\/wp-content\/uploads\/2022\/07\/Schreiner-Elektriker-Sanitaer-30-&#xD7;-20-cm1-1024x682.jpg\" alt=\"\" class=\"wp-image-7641\"\/><\/figure>\n<\/div><\/div>\n<\/div>\n<\/div>\n\n<div style=\"height:25px\" aria-hidden=\"true\" class=\"wp-block-spacer\"><\/div>\n\n<div class=\"wp-block-columns alignfull is-layout-flex wp-container-core-columns-is-layout-28f84493 wp-block-columns-is-layout-flex\">\n<div class=\"wp-block-column is-layout-flow wp-block-column-is-layout-flow\" style=\"flex-basis:50%\">\n<div class=\"wp-block-cover is-light\" style=\"min-height:600px;aspect-ratio:unset;\"><span aria-hidden=\"true\" class=\"wp-block-cover__background has-background-dim-100 has-background-dim\" style=\"background-color:#f6f6f6\"><\/span><div class=\"wp-block-cover__inner-container is-layout-flow wp-block-cover-is-layout-flow\">\n<figure class=\"wp-block-image aligncenter size-large\"><img decoding=\"async\" src=\"https:\/\/urbenag.ch\/wp-content\/uploads\/2022\/07\/Schreiner-Elektriker-Sanitaer-30-&#xD7;-20-cm2-1024x682.jpg\" alt=\"\" class=\"wp-image-7642\"\/><\/figure>\n<\/div><\/div>\n<\/div>\n\n\n\n<div class=\"wp-block-column is-vertically-aligned-center is-layout-flow wp-block-column-is-layout-flow\" style=\"padding-top:1em;padding-right:1em;padding-bottom:1em;padding-left:1em\">\n<div class=\"wp-block-columns is-layout-flex wp-container-core-columns-is-layout-28f84493 wp-block-columns-is-layout-flex\">\n<div class=\"wp-block-column is-layout-flow wp-block-column-is-layout-flow\" style=\"flex-basis:80%\">\n<p class=\"has-small-font-size\" style=\"line-height:1.6\"><strong>Sanitaire<\/strong><\/p>\n\n\n\n<p class=\"has-small-font-size\" style=\"line-height:1.6\">Dans <strong>les sanitaires <\/strong>aussi, tu rencontreras probablement ici et l\u00e0 des appareils qui doivent \u00eatre remplac\u00e9s. Au lieu de devoir t&#8217;occuper toi-m\u00eame de l&#8217;approvisionnement, il suffit de nous appeler. Nous garantissons une aide rapide et pouvons t&#8217;envoyer en un rien de temps un nouvel appareil \u00e0 l&#8217;adresse souhait\u00e9e.  <\/p>\n<\/div>\n<\/div>\n<\/div>\n<\/div>\n\n<div style=\"height:25px\" aria-hidden=\"true\" class=\"wp-block-spacer\"><\/div>\n\n<p class=\"has-ast-global-color-6-background-color has-background\">N&#8217;h\u00e9site pas \u00e0 nous appeler ou \u00e0 nous envoyer un e-mail. C&#8217;est peut-\u00eatre le d\u00e9but d&#8217;un merveilleux partenariat commercial.<\/p>\n\n<div class=\"inherit-container-width wp-block-group alignfull has-text-color has-background is-layout-constrained wp-block-group-is-layout-constrained\" style=\"color:#000000;background-color:#ffffff\"><div class=\"wp-block-group__inner-container\">\n<div style=\"height:64px\" aria-hidden=\"true\" class=\"wp-block-spacer\"><\/div>\n\n\n\n<p class=\"has-text-align-center has-small-font-size\" style=\"line-height:.9\"><strong>CONTACT<\/strong><\/p>\n\n\n\n<h2 class=\"wp-block-heading has-text-align-center\" id=\"schedule-a-visit\" style=\"font-size:59px;line-height:1.15\"><strong>Appelle-nous<\/strong><\/h2>\n\n\n\n<div class=\"wp-block-buttons is-horizontal is-content-justification-center is-layout-flex wp-container-core-buttons-is-layout-03627597 wp-block-buttons-is-layout-flex\">\n<div class=\"wp-block-button has-custom-width wp-block-button__width-50\"><a class=\"wp-block-button__link has-text-color has-background wp-element-button\" href=\"https:\/\/urbenag.ch\/fr\/contact\/\" style=\"border-radius:50px;color:#ffffff;background-color:#000000\">Contactez-nous<\/a><\/div>\n<\/div>\n\n\n\n<div style=\"height:64px\" aria-hidden=\"true\" class=\"wp-block-spacer\"><\/div>\n<\/div><\/div>\n","protected":false},"excerpt":{"rendered":"<p>Menuisier En tant que menuisier tu t&#8217;occupes de la conception et de l&#8217;installation parfaite d&#8217;une nouvelle cuisine. Bien entendu, tu auras \u00e9galement besoin de nouveaux appareils \u00e9lectrom\u00e9nagers, que ce soit pour toute la cuisine ou pour des appareils individuels. Nous sommes \u00e0 ta disposition en tant que partenaire, tu n&#8217;as donc pas \u00e0 te soucier [&hellip;]<\/p>\n","protected":false},"author":1,"featured_media":0,"parent":8149,"menu_order":0,"comment_status":"closed","ping_status":"closed","template":"","meta":{"_uag_custom_page_level_css":"","site-sidebar-layout":"no-sidebar","site-content-layout":"default","ast-site-content-layout":"default","site-content-style":"default","site-sidebar-style":"default","ast-global-header-display":"","ast-banner-title-visibility":"","ast-main-header-display":"","ast-hfb-above-header-display":"","ast-hfb-below-header-display":"","ast-hfb-mobile-header-display":"","site-post-title":"","ast-breadcrumbs-content":"","ast-featured-img":"","footer-sml-layout":"","ast-disable-related-posts":"","theme-transparent-header-meta":"","adv-header-id-meta":"","stick-header-meta":"","header-above-stick-meta":"","header-main-stick-meta":"","header-below-stick-meta":"","astra-migrate-meta-layouts":"default","ast-page-background-enabled":"default","ast-page-background-meta":{"desktop":{"background-color":"","background-image":"","background-repeat":"repeat","background-position":"center center","background-size":"auto","background-attachment":"scroll","background-type":"","background-media":"","overlay-type":"","overlay-color":"","overlay-opacity":"","overlay-gradient":""},"tablet":{"background-color":"","background-image":"","background-repeat":"repeat","background-position":"center center","background-size":"auto","background-attachment":"scroll","background-type":"","background-media":"","overlay-type":"","overlay-color":"","overlay-opacity":"","overlay-gradient":""},"mobile":{"background-color":"","background-image":"","background-repeat":"repeat","background-position":"center center","background-size":"auto","background-attachment":"scroll","background-type":"","background-media":"","overlay-type":"","overlay-color":"","overlay-opacity":"","overlay-gradient":""}},"ast-content-background-meta":{"desktop":{"background-color":"var(--ast-global-color-5)","background-image":"","background-repeat":"repeat","background-position":"center center","background-size":"auto","background-attachment":"scroll","background-type":"","background-media":"","overlay-type":"","overlay-color":"","overlay-opacity":"","overlay-gradient":""},"tablet":{"background-color":"var(--ast-global-color-5)","background-image":"","background-repeat":"repeat","background-position":"center center","background-size":"auto","background-attachment":"scroll","background-type":"","background-media":"","overlay-type":"","overlay-color":"","overlay-opacity":"","overlay-gradient":""},"mobile":{"background-color":"var(--ast-global-color-5)","background-image":"","background-repeat":"repeat","background-position":"center center","background-size":"auto","background-attachment":"scroll","background-type":"","background-media":"","overlay-type":"","overlay-color":"","overlay-opacity":"","overlay-gradient":""}},"footnotes":""},"class_list":["post-8143","page","type-page","status-publish","hentry"],"uagb_featured_image_src":{"full":false,"thumbnail":false,"medium":false,"medium_large":false,"large":false,"1536x1536":false,"2048x2048":false},"uagb_author_info":{"display_name":"Raphael","author_link":"https:\/\/urbenag.ch\/fr\/author\/rapsli\/"},"uagb_comment_info":0,"uagb_excerpt":"Menuisier En tant que menuisier tu t&#8217;occupes de la conception et de l&#8217;installation parfaite d&#8217;une nouvelle cuisine. Bien entendu, tu auras \u00e9galement besoin de nouveaux appareils \u00e9lectrom\u00e9nagers, que ce soit pour toute la cuisine ou pour des appareils individuels. Nous sommes \u00e0 ta disposition en tant que partenaire, tu n&#8217;as donc pas \u00e0 te soucier\u2026","_links":{"self":[{"href":"https:\/\/urbenag.ch\/fr\/wp-json\/wp\/v2\/pages\/8143","targetHints":{"allow":["GET"]}}],"collection":[{"href":"https:\/\/urbenag.ch\/fr\/wp-json\/wp\/v2\/pages"}],"about":[{"href":"https:\/\/urbenag.ch\/fr\/wp-json\/wp\/v2\/types\/page"}],"author":[{"embeddable":true,"href":"https:\/\/urbenag.ch\/fr\/wp-json\/wp\/v2\/users\/1"}],"replies":[{"embeddable":true,"href":"https:\/\/urbenag.ch\/fr\/wp-json\/wp\/v2\/comments?post=8143"}],"version-history":[{"count":0,"href":"https:\/\/urbenag.ch\/fr\/wp-json\/wp\/v2\/pages\/8143\/revisions"}],"up":[{"embeddable":true,"href":"https:\/\/urbenag.ch\/fr\/wp-json\/wp\/v2\/pages\/8149"}],"wp:attachment":[{"href":"https:\/\/urbenag.ch\/fr\/wp-json\/wp\/v2\/media?parent=8143"}],"curies":[{"name":"wp","href":"https:\/\/api.w.org\/{rel}","templated":true}]}}

Je suis menuisier, électricien ou plombier

<div class="wp-block-columns alignfull is-layout-flex wp-container-core-columns-is-layout-28f84493 wp-block-columns-is-layout-flex">
<div class="wp-block-column is-layout-flow wp-block-column-is-layout-flow" style="flex-basis:50%">
<div class="wp-block-cover is-light" style="min-height:600px;aspect-ratio:unset;"><span aria-hidden="true" class="wp-block-cover__background has-background-dim-100 has-background-dim" style="background-color:#f6f6f6"></span><div class="wp-block-cover__inner-container is-layout-flow wp-block-cover-is-layout-flow">
<figure class="wp-block-image aligncenter size-large"><img decoding="async" src="https://urbenag.ch/wp-content/uploads/2022/07/Schreiner-Elektriker-Sanitaer-30-&#xD7;-20-cm-1024x682.jpg" alt="" class="wp-image-7637"/></figure>
</div></div>
</div>



<div class="wp-block-column is-vertically-aligned-center is-layout-flow wp-block-column-is-layout-flow" style="padding-top:1em;padding-right:1em;padding-bottom:1em;padding-left:1em">
<div class="wp-block-columns is-layout-flex wp-container-core-columns-is-layout-28f84493 wp-block-columns-is-layout-flex">
<div class="wp-block-column is-layout-flow wp-block-column-is-layout-flow" style="flex-basis:80%">
<p class="has-small-font-size" style="line-height:1.6"><strong>Menuisier</strong></p>



<p class="has-small-font-size" style="line-height:1.6">En tant que <strong>menuisier </strong> tu t&#8217;occupes de la conception et de l&#8217;installation parfaite d&#8217;une nouvelle cuisine. Bien entendu, tu auras également besoin de nouveaux appareils électroménagers, que ce soit pour toute la cuisine ou pour des appareils individuels. Nous sommes à ta disposition en tant que partenaire, tu n&#8217;as donc pas à te soucier de quoi que ce soit. Tu peux te concentrer sur les domaines dans lesquels tu es le professionnel et nous nous occupons des domaines dans lesquels nous sommes les professionnels. Au final, ton client obtiendra tout d&#8217;une seule main et pourra se réjouir de sa nouvelle cuisine.  </p>
</div>
</div>
</div>
</div>

<div style="height:25px" aria-hidden="true" class="wp-block-spacer"></div>

<div class="wp-block-columns alignfull is-layout-flex wp-container-core-columns-is-layout-28f84493 wp-block-columns-is-layout-flex">
<div class="wp-block-column is-layout-flow wp-block-column-is-layout-flow" style="flex-basis:50%">
<div class="wp-block-columns is-layout-flex wp-container-core-columns-is-layout-28f84493 wp-block-columns-is-layout-flex">
<div class="wp-block-column is-layout-flow wp-block-column-is-layout-flow" style="flex-basis:80%">
<p class="has-small-font-size" style="line-height:1.6"><strong>Électricien</strong></p>



<p class="has-small-font-size" style="line-height:1.6">Dans ta pratique d&#8217;<strong>électricien </strong>, tu rencontreras certainement régulièrement des appareils qui doivent être remplacés, que ce soit dans la cuisine ou dans la buanderie. Ou alors, tu as besoin d&#8217;aide pour réparer une cuisinière particulière. Dans les deux cas, nous pouvons te soutenir dans ton travail. Et au lieu de devoir dire au client qu&#8217;il y a un problème à un endroit, tu peux déjà lui présenter une solution. Le service client ne peut pas être meilleur et le client te réservera certainement à la prochaine occasion.  </p>
</div>
</div>
</div>



<div class="wp-block-column is-vertically-aligned-center is-layout-flow wp-block-column-is-layout-flow" style="padding-top:1em;padding-right:1em;padding-bottom:1em;padding-left:1em">
<div class="wp-block-cover is-light" style="min-height:600px;aspect-ratio:unset;"><span aria-hidden="true" class="wp-block-cover__background has-background-dim-100 has-background-dim" style="background-color:#f6f6f6"></span><div class="wp-block-cover__inner-container is-layout-flow wp-block-cover-is-layout-flow">
<figure class="wp-block-image aligncenter size-large"><img decoding="async" src="https://urbenag.ch/wp-content/uploads/2022/07/Schreiner-Elektriker-Sanitaer-30-&#xD7;-20-cm1-1024x682.jpg" alt="" class="wp-image-7641"/></figure>
</div></div>
</div>
</div>

<div style="height:25px" aria-hidden="true" class="wp-block-spacer"></div>

<div class="wp-block-columns alignfull is-layout-flex wp-container-core-columns-is-layout-28f84493 wp-block-columns-is-layout-flex">
<div class="wp-block-column is-layout-flow wp-block-column-is-layout-flow" style="flex-basis:50%">
<div class="wp-block-cover is-light" style="min-height:600px;aspect-ratio:unset;"><span aria-hidden="true" class="wp-block-cover__background has-background-dim-100 has-background-dim" style="background-color:#f6f6f6"></span><div class="wp-block-cover__inner-container is-layout-flow wp-block-cover-is-layout-flow">
<figure class="wp-block-image aligncenter size-large"><img decoding="async" src="https://urbenag.ch/wp-content/uploads/2022/07/Schreiner-Elektriker-Sanitaer-30-&#xD7;-20-cm2-1024x682.jpg" alt="" class="wp-image-7642"/></figure>
</div></div>
</div>



<div class="wp-block-column is-vertically-aligned-center is-layout-flow wp-block-column-is-layout-flow" style="padding-top:1em;padding-right:1em;padding-bottom:1em;padding-left:1em">
<div class="wp-block-columns is-layout-flex wp-container-core-columns-is-layout-28f84493 wp-block-columns-is-layout-flex">
<div class="wp-block-column is-layout-flow wp-block-column-is-layout-flow" style="flex-basis:80%">
<p class="has-small-font-size" style="line-height:1.6"><strong>Sanitaire</strong></p>



<p class="has-small-font-size" style="line-height:1.6">Dans <strong>les sanitaires </strong>aussi, tu rencontreras probablement ici et là des appareils qui doivent être remplacés. Au lieu de devoir t&#8217;occuper toi-même de l&#8217;approvisionnement, il suffit de nous appeler. Nous garantissons une aide rapide et pouvons t&#8217;envoyer en un rien de temps un nouvel appareil à l&#8217;adresse souhaitée.  </p>
</div>
</div>
</div>
</div>

<div style="height:25px" aria-hidden="true" class="wp-block-spacer"></div>

<p class="has-ast-global-color-6-background-color has-background">N&#8217;hésite pas à nous appeler ou à nous envoyer un e-mail. C&#8217;est peut-être le début d&#8217;un merveilleux partenariat commercial.</p>

<div class="inherit-container-width wp-block-group alignfull has-text-color has-background is-layout-constrained wp-block-group-is-layout-constrained" style="color:#000000;background-color:#ffffff"><div class="wp-block-group__inner-container">
<div style="height:64px" aria-hidden="true" class="wp-block-spacer"></div>



<p class="has-text-align-center has-small-font-size" style="line-height:.9"><strong>CONTACT</strong></p>



<h2 class="wp-block-heading has-text-align-center" id="schedule-a-visit" style="font-size:59px;line-height:1.15"><strong>Appelle-nous</strong></h2>



<div class="wp-block-buttons is-horizontal is-content-justification-center is-layout-flex wp-container-core-buttons-is-layout-03627597 wp-block-buttons-is-layout-flex">
<div class="wp-block-button has-custom-width wp-block-button__width-50"><a class="wp-block-button__link has-text-color has-background wp-element-button" href="https://urbenag.ch/fr/contact/" style="border-radius:50px;color:#ffffff;background-color:#000000">Contactez-nous</a></div>
</div>



<div style="height:64px" aria-hidden="true" class="wp-block-spacer"></div>
</div></div>

<p>Menuisier En tant que menuisier tu t&#8217;occupes de la conception et de l&#8217;installation parfaite d&#8217;une nouvelle cuisine. Bien entendu, tu auras également besoin de nouveaux appareils électroménagers, que ce soit pour toute la cuisine ou pour des appareils individuels. Nous sommes à ta disposition en tant que partenaire, tu n&#8217;as donc pas à te soucier [&hellip;]</p>

Menuisier En tant que menuisier tu t&#8217;occupes de la conception et de l&#8217;installation parfaite d&#8217;une nouvelle cuisine. Bien entendu, tu auras également besoin de nouveaux appareils électroménagers, que ce soit pour toute la cuisine ou pour des appareils individuels. Nous sommes à ta disposition en tant que partenaire, tu n&#8217;as donc pas à te soucier…
