{"id":8126,"date":"2018-10-11T07:23:54","date_gmt":"2018-10-11T05:23:54","guid":{"rendered":"https:\/\/urbenag.ch\/produits-et-services\/"},"modified":"2023-08-17T20:03:17","modified_gmt":"2023-08-17T18:03:17","slug":"produits-et-services","status":"publish","type":"page","link":"https:\/\/urbenag.ch\/fr\/produits-et-services\/","title":{"rendered":"Produits et services"},"content":{"rendered":"\n<p>Nous proposons les produits et services suivants. De nombreux mod\u00e8les se trouvent dans notre salle d&#8217;exposition \u00e0 Herzogenbuchsee :<\/p>\n\n<div class=\"wp-block-media-text alignfull\"><figure class=\"wp-block-media-text__media\"><img loading=\"lazy\" decoding=\"async\" width=\"800\" height=\"800\" src=\"https:\/\/urbenag.ch\/wp-content\/uploads\/2019\/06\/kuechengeraete.jpg\" alt=\"\" class=\"wp-image-1495 size-full\" srcset=\"https:\/\/urbenag.ch\/wp-content\/uploads\/2019\/06\/kuechengeraete.jpg 800w, https:\/\/urbenag.ch\/wp-content\/uploads\/2019\/06\/kuechengeraete-150x150.jpg 150w, https:\/\/urbenag.ch\/wp-content\/uploads\/2019\/06\/kuechengeraete-300x300.jpg 300w, https:\/\/urbenag.ch\/wp-content\/uploads\/2019\/06\/kuechengeraete-768x768.jpg 768w, https:\/\/urbenag.ch\/wp-content\/uploads\/2019\/06\/kuechengeraete-600x600.jpg 600w, https:\/\/urbenag.ch\/wp-content\/uploads\/2019\/06\/kuechengeraete-100x100.jpg 100w\" sizes=\"auto, (max-width: 800px) 100vw, 800px\" \/><\/figure><div class=\"wp-block-media-text__content\">\n<h2 class=\"wp-block-heading\">Appareils de cuisine<\/h2>\n\n\n\n<p>Que ce soit V-Zug, Bauknecht, Electrolux ou Miele, nous les avons tous. <a href=\"https:\/\/urbenag.ch\/fr\/produits-et-services\/four-steamer\/\">Four<\/a>, <a href=\"https:\/\/urbenag.ch\/produkte-und-dienstleistungen\/kochfeld\/\">cuisini\u00e8re \u00e9lectrique<\/a>, <a href=\"https:\/\/urbenag.ch\/produkte-und-dienstleistungen\/geschirrspueler\/\">lave-vaisselle<\/a>, hotte aspirante ou <a href=\"https:\/\/urbenag.ch\/fr\/produits-et-services\/four-steamer\/\">steamer<\/a>. Est-ce un mod\u00e8le int\u00e9gr\u00e9 ? Pas de probl\u00e8me, nous nous chargeons de la transformation et du raccordement, car qui voudrait aujourd&#8217;hui se passer d&#8217;un lave-vaisselle ?  <\/p>\n\n\n\n<p>  Et quoi de mieux qu&#8217;un pain chaud fra\u00eechement parfum\u00e9 ou de d\u00e9licieuses lasagnes cuites au four.  <\/p>\n\n\n\n<p>\n\nNous nous ferons un plaisir de te <a href=\"https:\/\/urbenag.ch\/fr\/contact\/\">conseiller<\/a> en d\u00e9tail.\n\n<\/p>\n<\/div><\/div>\n\n<div class=\"wp-block-media-text alignfull has-media-on-the-right\"><figure class=\"wp-block-media-text__media\"><img loading=\"lazy\" decoding=\"async\" width=\"800\" height=\"800\" src=\"https:\/\/urbenag.ch\/wp-content\/uploads\/2019\/06\/squared-one-212144-unsplash.jpg\" alt=\"\" class=\"wp-image-1444 size-full\" srcset=\"https:\/\/urbenag.ch\/wp-content\/uploads\/2019\/06\/squared-one-212144-unsplash.jpg 800w, https:\/\/urbenag.ch\/wp-content\/uploads\/2019\/06\/squared-one-212144-unsplash-150x150.jpg 150w, https:\/\/urbenag.ch\/wp-content\/uploads\/2019\/06\/squared-one-212144-unsplash-300x300.jpg 300w, https:\/\/urbenag.ch\/wp-content\/uploads\/2019\/06\/squared-one-212144-unsplash-768x768.jpg 768w, https:\/\/urbenag.ch\/wp-content\/uploads\/2019\/06\/squared-one-212144-unsplash-600x600.jpg 600w, https:\/\/urbenag.ch\/wp-content\/uploads\/2019\/06\/squared-one-212144-unsplash-100x100.jpg 100w\" sizes=\"auto, (max-width: 800px) 100vw, 800px\" \/><\/figure><div class=\"wp-block-media-text__content\">\n<h2 class=\"wp-block-heading\">R\u00e9frig\u00e9rateurs et cong\u00e9lateurs<\/h2>\n\n\n\n<p>Pour une fra\u00eecheur s\u00fbre \u00e0 long terme, les appareils NoFrost offrent une puissance frigorifique de qualit\u00e9 professionnelle. Les produits congel\u00e9s sont congel\u00e9s avec de l&#8217;air circulant refroidi et l&#8217;humidit\u00e9 de l&#8217;air est \u00e9vacu\u00e9e. Ainsi, l&#8217;espace de cong\u00e9lation reste toujours libre de glace et les aliments ne peuvent plus givrer. Avec le confort NoFrost, le d\u00e9givrage n&#8217;est plus jamais n\u00e9cessaire.  <\/p>\n\n\n\n<p>Nous nous ferons un plaisir de te <a href=\"https:\/\/urbenag.ch\/fr\/produits-et-services\/refrigerateur-et-congelateur\/\">conseiller <\/a>en d\u00e9tail.  <\/p>\n<\/div><\/div>\n\n<div class=\"wp-block-media-text alignfull\"><figure class=\"wp-block-media-text__media\"><img loading=\"lazy\" decoding=\"async\" width=\"800\" height=\"800\" src=\"https:\/\/urbenag.ch\/wp-content\/uploads\/2019\/06\/FINAL_V-ZUG_ADORA_CLOSE-UP_Bedienblende_03_02.jpg\" alt=\"\" class=\"wp-image-1488 size-full\" srcset=\"https:\/\/urbenag.ch\/wp-content\/uploads\/2019\/06\/FINAL_V-ZUG_ADORA_CLOSE-UP_Bedienblende_03_02.jpg 800w, https:\/\/urbenag.ch\/wp-content\/uploads\/2019\/06\/FINAL_V-ZUG_ADORA_CLOSE-UP_Bedienblende_03_02-150x150.jpg 150w, https:\/\/urbenag.ch\/wp-content\/uploads\/2019\/06\/FINAL_V-ZUG_ADORA_CLOSE-UP_Bedienblende_03_02-300x300.jpg 300w, https:\/\/urbenag.ch\/wp-content\/uploads\/2019\/06\/FINAL_V-ZUG_ADORA_CLOSE-UP_Bedienblende_03_02-768x768.jpg 768w, https:\/\/urbenag.ch\/wp-content\/uploads\/2019\/06\/FINAL_V-ZUG_ADORA_CLOSE-UP_Bedienblende_03_02-600x600.jpg 600w, https:\/\/urbenag.ch\/wp-content\/uploads\/2019\/06\/FINAL_V-ZUG_ADORA_CLOSE-UP_Bedienblende_03_02-100x100.jpg 100w\" sizes=\"auto, (max-width: 800px) 100vw, 800px\" \/><\/figure><div class=\"wp-block-media-text__content\">\n<h2 class=\"wp-block-heading\">Machine \u00e0 laver et s\u00e8che-linge<\/h2>\n\n\n\n<p>Nous sommes votre repr\u00e9sentant r\u00e9gional pour les machines \u00e0 laver les plus performantes et les plus \u00e9cologiques du monde. Que ce soit un s\u00e8che-linge ou un lave-linge, c\u00f4te \u00e0 c\u00f4te ou superpos\u00e9. Nous les connaissons tous et les comprenons.  <\/p>\n\n\n\n<p>Nous nous ferons un plaisir de te <a href=\"https:\/\/urbenag.ch\/fr\/produits-et-services\/machine-a-laver-et-seche-linge\/\">conseiller <\/a>en d\u00e9tail.  <\/p>\n<\/div><\/div>\n\n<div class=\"wp-block-media-text alignfull has-media-on-the-right\"><figure class=\"wp-block-media-text__media\"><img loading=\"lazy\" decoding=\"async\" width=\"800\" height=\"800\" src=\"https:\/\/urbenag.ch\/wp-content\/uploads\/2019\/06\/nathan-dumlao-463043-unsplash.jpg\" alt=\"\" class=\"wp-image-1491 size-full\" srcset=\"https:\/\/urbenag.ch\/wp-content\/uploads\/2019\/06\/nathan-dumlao-463043-unsplash.jpg 800w, https:\/\/urbenag.ch\/wp-content\/uploads\/2019\/06\/nathan-dumlao-463043-unsplash-150x150.jpg 150w, https:\/\/urbenag.ch\/wp-content\/uploads\/2019\/06\/nathan-dumlao-463043-unsplash-300x300.jpg 300w, https:\/\/urbenag.ch\/wp-content\/uploads\/2019\/06\/nathan-dumlao-463043-unsplash-768x768.jpg 768w, https:\/\/urbenag.ch\/wp-content\/uploads\/2019\/06\/nathan-dumlao-463043-unsplash-600x600.jpg 600w, https:\/\/urbenag.ch\/wp-content\/uploads\/2019\/06\/nathan-dumlao-463043-unsplash-100x100.jpg 100w\" sizes=\"auto, (max-width: 800px) 100vw, 800px\" \/><\/figure><div class=\"wp-block-media-text__content\">\n<h2 class=\"wp-block-heading\">  Petits appareils  <\/h2>\n\n\n\n<p>Filtres \u00e0 caf\u00e9, sacs d&#8217;aspirateur, robot m\u00e9nager, brosse \u00e0 dents \u00e9lectrique, s\u00e8che-cheveux, machine \u00e0 caf\u00e9, etc.  <\/p>\n\n\n\n<p>Nous avons une partie des petits appareils en stock, si ce n&#8217;est pas le cas, nous livrons dans les 3 jours. Nous vendons, r\u00e9parons et assurons l&#8217;entretien de toutes les marques !  <\/p>\n\n\n\n<p>Nous nous ferons un plaisir de te <a href=\"https:\/\/urbenag.ch\/fr\/produits-et-services\/machine-a-laver-et-seche-linge\/\">conseiller <\/a>en d\u00e9tail.  <\/p>\n<\/div><\/div>\n\n<div class=\"wp-block-media-text alignfull\"><figure class=\"wp-block-media-text__media\"><img loading=\"lazy\" decoding=\"async\" width=\"800\" height=\"800\" src=\"https:\/\/urbenag.ch\/wp-content\/uploads\/2019\/06\/rune-enstad-1090369-unsplash.jpg\" alt=\"\" class=\"wp-image-1494 size-full\" srcset=\"https:\/\/urbenag.ch\/wp-content\/uploads\/2019\/06\/rune-enstad-1090369-unsplash.jpg 800w, https:\/\/urbenag.ch\/wp-content\/uploads\/2019\/06\/rune-enstad-1090369-unsplash-150x150.jpg 150w, https:\/\/urbenag.ch\/wp-content\/uploads\/2019\/06\/rune-enstad-1090369-unsplash-300x300.jpg 300w, https:\/\/urbenag.ch\/wp-content\/uploads\/2019\/06\/rune-enstad-1090369-unsplash-768x768.jpg 768w, https:\/\/urbenag.ch\/wp-content\/uploads\/2019\/06\/rune-enstad-1090369-unsplash-600x600.jpg 600w, https:\/\/urbenag.ch\/wp-content\/uploads\/2019\/06\/rune-enstad-1090369-unsplash-100x100.jpg 100w\" sizes=\"auto, (max-width: 800px) 100vw, 800px\" \/><\/figure><div class=\"wp-block-media-text__content\">\n<h2 class=\"wp-block-heading\">Architecture de cuisine<\/h2>\n\n\n\n<p>Tu pr\u00e9vois une toute nouvelle cuisine ? Nous travaillons en \u00e9troite collaboration avec des experts pour la planification. Nous pouvons ainsi garantir que les appareils sont parfaitement adapt\u00e9s les uns aux autres.<\/p>\n\n\n\n<p>Nous nous ferons un plaisir de te <a href=\"https:\/\/urbenag.ch\/fr\/contact\/\">conseiller <\/a>en d\u00e9tail.  <\/p>\n<\/div><\/div>\n","protected":false},"excerpt":{"rendered":"<p>Nous proposons les produits et services suivants. De nombreux mod\u00e8les se trouvent dans notre salle d&#8217;exposition \u00e0 Herzogenbuchsee : Appareils de cuisine Que ce soit V-Zug, Bauknecht, Electrolux ou Miele, nous les avons tous. Four, cuisini\u00e8re \u00e9lectrique, lave-vaisselle, hotte aspirante ou steamer. Est-ce un mod\u00e8le int\u00e9gr\u00e9 ? Pas de probl\u00e8me, nous nous chargeons de la [&hellip;]<\/p>\n","protected":false},"author":1,"featured_media":0,"parent":0,"menu_order":0,"comment_status":"closed","ping_status":"closed","template":"","meta":{"_uag_custom_page_level_css":"","site-sidebar-layout":"no-sidebar","site-content-layout":"default","ast-site-content-layout":"default","site-content-style":"default","site-sidebar-style":"default","ast-global-header-display":"","ast-banner-title-visibility":"","ast-main-header-display":"","ast-hfb-above-header-display":"","ast-hfb-below-header-display":"","ast-hfb-mobile-header-display":"","site-post-title":"","ast-breadcrumbs-content":"","ast-featured-img":"","footer-sml-layout":"","ast-disable-related-posts":"","theme-transparent-header-meta":"default","adv-header-id-meta":"","stick-header-meta":"","header-above-stick-meta":"","header-main-stick-meta":"","header-below-stick-meta":"","astra-migrate-meta-layouts":"default","ast-page-background-enabled":"default","ast-page-background-meta":{"desktop":{"background-color":"","background-image":"","background-repeat":"repeat","background-position":"center center","background-size":"auto","background-attachment":"scroll","background-type":"","background-media":"","overlay-type":"","overlay-color":"","overlay-opacity":"","overlay-gradient":""},"tablet":{"background-color":"","background-image":"","background-repeat":"repeat","background-position":"center center","background-size":"auto","background-attachment":"scroll","background-type":"","background-media":"","overlay-type":"","overlay-color":"","overlay-opacity":"","overlay-gradient":""},"mobile":{"background-color":"","background-image":"","background-repeat":"repeat","background-position":"center center","background-size":"auto","background-attachment":"scroll","background-type":"","background-media":"","overlay-type":"","overlay-color":"","overlay-opacity":"","overlay-gradient":""}},"ast-content-background-meta":{"desktop":{"background-color":"var(--ast-global-color-5)","background-image":"","background-repeat":"repeat","background-position":"center center","background-size":"auto","background-attachment":"scroll","background-type":"","background-media":"","overlay-type":"","overlay-color":"","overlay-opacity":"","overlay-gradient":""},"tablet":{"background-color":"var(--ast-global-color-5)","background-image":"","background-repeat":"repeat","background-position":"center center","background-size":"auto","background-attachment":"scroll","background-type":"","background-media":"","overlay-type":"","overlay-color":"","overlay-opacity":"","overlay-gradient":""},"mobile":{"background-color":"var(--ast-global-color-5)","background-image":"","background-repeat":"repeat","background-position":"center center","background-size":"auto","background-attachment":"scroll","background-type":"","background-media":"","overlay-type":"","overlay-color":"","overlay-opacity":"","overlay-gradient":""}},"footnotes":""},"class_list":["post-8126","page","type-page","status-publish","hentry"],"uagb_featured_image_src":{"full":false,"thumbnail":false,"medium":false,"medium_large":false,"large":false,"1536x1536":false,"2048x2048":false},"uagb_author_info":{"display_name":"Raphael","author_link":"https:\/\/urbenag.ch\/fr\/author\/rapsli\/"},"uagb_comment_info":0,"uagb_excerpt":"Nous proposons les produits et services suivants. De nombreux mod\u00e8les se trouvent dans notre salle d&#8217;exposition \u00e0 Herzogenbuchsee : Appareils de cuisine Que ce soit V-Zug, Bauknecht, Electrolux ou Miele, nous les avons tous. Four, cuisini\u00e8re \u00e9lectrique, lave-vaisselle, hotte aspirante ou steamer. Est-ce un mod\u00e8le int\u00e9gr\u00e9 ? Pas de probl\u00e8me, nous nous chargeons de la\u2026","_links":{"self":[{"href":"https:\/\/urbenag.ch\/fr\/wp-json\/wp\/v2\/pages\/8126","targetHints":{"allow":["GET"]}}],"collection":[{"href":"https:\/\/urbenag.ch\/fr\/wp-json\/wp\/v2\/pages"}],"about":[{"href":"https:\/\/urbenag.ch\/fr\/wp-json\/wp\/v2\/types\/page"}],"author":[{"embeddable":true,"href":"https:\/\/urbenag.ch\/fr\/wp-json\/wp\/v2\/users\/1"}],"replies":[{"embeddable":true,"href":"https:\/\/urbenag.ch\/fr\/wp-json\/wp\/v2\/comments?post=8126"}],"version-history":[{"count":0,"href":"https:\/\/urbenag.ch\/fr\/wp-json\/wp\/v2\/pages\/8126\/revisions"}],"wp:attachment":[{"href":"https:\/\/urbenag.ch\/fr\/wp-json\/wp\/v2\/media?parent=8126"}],"curies":[{"name":"wp","href":"https:\/\/api.w.org\/{rel}","templated":true}]}}

<p>Nous proposons les produits et services suivants. De nombreux modèles se trouvent dans notre salle d&#8217;exposition à Herzogenbuchsee :</p>

<div class="wp-block-media-text alignfull"><figure class="wp-block-media-text__media"><img loading="lazy" decoding="async" width="800" height="800" src="https://urbenag.ch/wp-content/uploads/2019/06/kuechengeraete.jpg" alt="" class="wp-image-1495 size-full" srcset="https://urbenag.ch/wp-content/uploads/2019/06/kuechengeraete.jpg 800w, https://urbenag.ch/wp-content/uploads/2019/06/kuechengeraete-150x150.jpg 150w, https://urbenag.ch/wp-content/uploads/2019/06/kuechengeraete-300x300.jpg 300w, https://urbenag.ch/wp-content/uploads/2019/06/kuechengeraete-768x768.jpg 768w, https://urbenag.ch/wp-content/uploads/2019/06/kuechengeraete-600x600.jpg 600w, https://urbenag.ch/wp-content/uploads/2019/06/kuechengeraete-100x100.jpg 100w" sizes="auto, (max-width: 800px) 100vw, 800px" /></figure><div class="wp-block-media-text__content">
<h2 class="wp-block-heading">Appareils de cuisine</h2>



<p>Que ce soit V-Zug, Bauknecht, Electrolux ou Miele, nous les avons tous. <a href="https://urbenag.ch/fr/produits-et-services/four-steamer/">Four</a>, <a href="https://urbenag.ch/produkte-und-dienstleistungen/kochfeld/">cuisinière électrique</a>, <a href="https://urbenag.ch/produkte-und-dienstleistungen/geschirrspueler/">lave-vaisselle</a>, hotte aspirante ou <a href="https://urbenag.ch/fr/produits-et-services/four-steamer/">steamer</a>. Est-ce un modèle intégré ? Pas de problème, nous nous chargeons de la transformation et du raccordement, car qui voudrait aujourd&#8217;hui se passer d&#8217;un lave-vaisselle ?  </p>



<p>  Et quoi de mieux qu&#8217;un pain chaud fraîchement parfumé ou de délicieuses lasagnes cuites au four.  </p>



<p>

Nous nous ferons un plaisir de te <a href="https://urbenag.ch/fr/contact/">conseiller</a> en détail.

</p>
</div></div>

<div class="wp-block-media-text alignfull has-media-on-the-right"><figure class="wp-block-media-text__media"><img loading="lazy" decoding="async" width="800" height="800" src="https://urbenag.ch/wp-content/uploads/2019/06/squared-one-212144-unsplash.jpg" alt="" class="wp-image-1444 size-full" srcset="https://urbenag.ch/wp-content/uploads/2019/06/squared-one-212144-unsplash.jpg 800w, https://urbenag.ch/wp-content/uploads/2019/06/squared-one-212144-unsplash-150x150.jpg 150w, https://urbenag.ch/wp-content/uploads/2019/06/squared-one-212144-unsplash-300x300.jpg 300w, https://urbenag.ch/wp-content/uploads/2019/06/squared-one-212144-unsplash-768x768.jpg 768w, https://urbenag.ch/wp-content/uploads/2019/06/squared-one-212144-unsplash-600x600.jpg 600w, https://urbenag.ch/wp-content/uploads/2019/06/squared-one-212144-unsplash-100x100.jpg 100w" sizes="auto, (max-width: 800px) 100vw, 800px" /></figure><div class="wp-block-media-text__content">
<h2 class="wp-block-heading">Réfrigérateurs et congélateurs</h2>



<p>Pour une fraîcheur sûre à long terme, les appareils NoFrost offrent une puissance frigorifique de qualité professionnelle. Les produits congelés sont congelés avec de l&#8217;air circulant refroidi et l&#8217;humidité de l&#8217;air est évacuée. Ainsi, l&#8217;espace de congélation reste toujours libre de glace et les aliments ne peuvent plus givrer. Avec le confort NoFrost, le dégivrage n&#8217;est plus jamais nécessaire.  </p>



<p>Nous nous ferons un plaisir de te <a href="https://urbenag.ch/fr/produits-et-services/refrigerateur-et-congelateur/">conseiller </a>en détail.  </p>
</div></div>

<div class="wp-block-media-text alignfull"><figure class="wp-block-media-text__media"><img loading="lazy" decoding="async" width="800" height="800" src="https://urbenag.ch/wp-content/uploads/2019/06/FINAL_V-ZUG_ADORA_CLOSE-UP_Bedienblende_03_02.jpg" alt="" class="wp-image-1488 size-full" srcset="https://urbenag.ch/wp-content/uploads/2019/06/FINAL_V-ZUG_ADORA_CLOSE-UP_Bedienblende_03_02.jpg 800w, https://urbenag.ch/wp-content/uploads/2019/06/FINAL_V-ZUG_ADORA_CLOSE-UP_Bedienblende_03_02-150x150.jpg 150w, https://urbenag.ch/wp-content/uploads/2019/06/FINAL_V-ZUG_ADORA_CLOSE-UP_Bedienblende_03_02-300x300.jpg 300w, https://urbenag.ch/wp-content/uploads/2019/06/FINAL_V-ZUG_ADORA_CLOSE-UP_Bedienblende_03_02-768x768.jpg 768w, https://urbenag.ch/wp-content/uploads/2019/06/FINAL_V-ZUG_ADORA_CLOSE-UP_Bedienblende_03_02-600x600.jpg 600w, https://urbenag.ch/wp-content/uploads/2019/06/FINAL_V-ZUG_ADORA_CLOSE-UP_Bedienblende_03_02-100x100.jpg 100w" sizes="auto, (max-width: 800px) 100vw, 800px" /></figure><div class="wp-block-media-text__content">
<h2 class="wp-block-heading">Machine à laver et sèche-linge</h2>



<p>Nous sommes votre représentant régional pour les machines à laver les plus performantes et les plus écologiques du monde. Que ce soit un sèche-linge ou un lave-linge, côte à côte ou superposé. Nous les connaissons tous et les comprenons.  </p>



<p>Nous nous ferons un plaisir de te <a href="https://urbenag.ch/fr/produits-et-services/machine-a-laver-et-seche-linge/">conseiller </a>en détail.  </p>
</div></div>

<div class="wp-block-media-text alignfull has-media-on-the-right"><figure class="wp-block-media-text__media"><img loading="lazy" decoding="async" width="800" height="800" src="https://urbenag.ch/wp-content/uploads/2019/06/nathan-dumlao-463043-unsplash.jpg" alt="" class="wp-image-1491 size-full" srcset="https://urbenag.ch/wp-content/uploads/2019/06/nathan-dumlao-463043-unsplash.jpg 800w, https://urbenag.ch/wp-content/uploads/2019/06/nathan-dumlao-463043-unsplash-150x150.jpg 150w, https://urbenag.ch/wp-content/uploads/2019/06/nathan-dumlao-463043-unsplash-300x300.jpg 300w, https://urbenag.ch/wp-content/uploads/2019/06/nathan-dumlao-463043-unsplash-768x768.jpg 768w, https://urbenag.ch/wp-content/uploads/2019/06/nathan-dumlao-463043-unsplash-600x600.jpg 600w, https://urbenag.ch/wp-content/uploads/2019/06/nathan-dumlao-463043-unsplash-100x100.jpg 100w" sizes="auto, (max-width: 800px) 100vw, 800px" /></figure><div class="wp-block-media-text__content">
<h2 class="wp-block-heading">  Petits appareils  </h2>



<p>Filtres à café, sacs d&#8217;aspirateur, robot ménager, brosse à dents électrique, sèche-cheveux, machine à café, etc.  </p>



<p>Nous avons une partie des petits appareils en stock, si ce n&#8217;est pas le cas, nous livrons dans les 3 jours. Nous vendons, réparons et assurons l&#8217;entretien de toutes les marques !  </p>



<p>Nous nous ferons un plaisir de te <a href="https://urbenag.ch/fr/produits-et-services/machine-a-laver-et-seche-linge/">conseiller </a>en détail.  </p>
</div></div>

<div class="wp-block-media-text alignfull"><figure class="wp-block-media-text__media"><img loading="lazy" decoding="async" width="800" height="800" src="https://urbenag.ch/wp-content/uploads/2019/06/rune-enstad-1090369-unsplash.jpg" alt="" class="wp-image-1494 size-full" srcset="https://urbenag.ch/wp-content/uploads/2019/06/rune-enstad-1090369-unsplash.jpg 800w, https://urbenag.ch/wp-content/uploads/2019/06/rune-enstad-1090369-unsplash-150x150.jpg 150w, https://urbenag.ch/wp-content/uploads/2019/06/rune-enstad-1090369-unsplash-300x300.jpg 300w, https://urbenag.ch/wp-content/uploads/2019/06/rune-enstad-1090369-unsplash-768x768.jpg 768w, https://urbenag.ch/wp-content/uploads/2019/06/rune-enstad-1090369-unsplash-600x600.jpg 600w, https://urbenag.ch/wp-content/uploads/2019/06/rune-enstad-1090369-unsplash-100x100.jpg 100w" sizes="auto, (max-width: 800px) 100vw, 800px" /></figure><div class="wp-block-media-text__content">
<h2 class="wp-block-heading">Architecture de cuisine</h2>



<p>Tu prévois une toute nouvelle cuisine ? Nous travaillons en étroite collaboration avec des experts pour la planification. Nous pouvons ainsi garantir que les appareils sont parfaitement adaptés les uns aux autres.</p>



<p>Nous nous ferons un plaisir de te <a href="https://urbenag.ch/fr/contact/">conseiller </a>en détail.  </p>
</div></div>

<p>Nous proposons les produits et services suivants. De nombreux modèles se trouvent dans notre salle d&#8217;exposition à Herzogenbuchsee : Appareils de cuisine Que ce soit V-Zug, Bauknecht, Electrolux ou Miele, nous les avons tous. Four, cuisinière électrique, lave-vaisselle, hotte aspirante ou steamer. Est-ce un modèle intégré ? Pas de problème, nous nous chargeons de la [&hellip;]</p>

Nous proposons les produits et services suivants. De nombreux modèles se trouvent dans notre salle d&#8217;exposition à Herzogenbuchsee : Appareils de cuisine Que ce soit V-Zug, Bauknecht, Electrolux ou Miele, nous les avons tous. Four, cuisinière électrique, lave-vaisselle, hotte aspirante ou steamer. Est-ce un modèle intégré ? Pas de problème, nous nous chargeons de la…
